{"id":12,"date":"2013-03-10T23:24:04","date_gmt":"2013-03-10T21:24:04","guid":{"rendered":"http:\/\/www.sashman23.de\/magiccrew\/?page_id=12"},"modified":"2014-05-09T06:07:07","modified_gmt":"2014-05-09T05:07:07","slug":"team","status":"publish","type":"page","link":"https:\/\/magiccrew.de\/?page_id=12","title":{"rendered":"Team"},"content":{"rendered":"<h2>Unser Team:<\/h2>\n<p style=\"padding-left: 30px;\"><a title=\"Udo L\u00fcttich\" href=\"http:\/\/magiccrew.de\/?page_id=200\"><span style=\"color: #ff6600;\"><span style=\"color: #ff6600;\">Udo L\u00fcttich<\/span> <\/span><\/a>&#8211; Stuntman, Stunttechniker, Stuntcoordinator, Double, Pyrotechniker, B\u00fchnenbildkonstruckteur, T\u00fcfftler<\/p>\n<p style=\"padding-left: 30px;\"><span style=\"color: #ff6600;\"><a title=\"TG\" href=\"http:\/\/magiccrew.de\/?page_id=202\"><span style=\"color: #ff6600;\">Sven-Thorsten Gliewe<\/span><\/a><\/span> &#8211; Stuntman, Stunttechniker,\u00a0Stuntcoordinator, Double, Pyrotechniker und B\u00fchnen- &amp; Kulissenbauer<\/p>\n<p style=\"padding-left: 30px;\"><span style=\"color: #ff6600;\"><a title=\"Chris\" href=\"http:\/\/magiccrew.de\/?page_id=203\"><span style=\"color: #ff6600;\">Chris Schabert<\/span><\/a><\/span> &#8211; Pyrotechniker, Veranstaltungstechniker von Licht bis Ton, DJ, Veranstaltungskaufmann und\u00a0B\u00fchnen- &amp; Kulissenbauer<\/p>\n<p style=\"padding-left: 30px;\"><span style=\"color: #ff6600;\"><a title=\"Sascha Hertwig\" href=\"http:\/\/magiccrew.de\/?page_id=204\"><span style=\"color: #ff6600;\">Sascha Hertwig<\/span><\/a><\/span> &#8211; Stuntman, Double, Actiondarsteller, Schauspieler, Pyrotechniker und B\u00fchnen- &amp;\u00a0Kulissenbauer<\/p>\n<p>&nbsp;<\/p>\n","protected":false},"excerpt":{"rendered":"<p>Unser Team: Udo L\u00fcttich &#8211; Stuntman, Stunttechniker, Stuntcoordinator, Double, Pyrotechniker, B\u00fchnenbildkonstruckteur, T\u00fcfftler Sven-Thorsten Gliewe &#8211; Stuntman, Stunttechniker,\u00a0Stuntcoordinator, Double, Pyrotechniker und B\u00fchnen- &amp; Kulissenbauer Chris Schabert &#8211; Pyrotechniker, Veranstaltungstechniker von Licht bis Ton, DJ, Veranstaltungskaufmann und\u00a0B\u00fchnen- &amp; Kulissenbauer Sascha Hertwig &#8211; Stuntman, Double, Actiondarsteller, Schauspieler, Pyrotechniker und B\u00fchnen- &amp;\u00a0Kulissenbauer &nbsp;<\/p>\n","protected":false},"author":1,"featured_media":0,"parent":0,"menu_order":4,"comment_status":"closed","ping_status":"closed","template":"","meta":{"ngg_post_thumbnail":0,"footnotes":""},"class_list":["post-12","page","type-page","status-publish","hentry"],"_links":{"self":[{"href":"https:\/\/magiccrew.de\/index.php?rest_route=\/wp\/v2\/pages\/12","targetHints":{"allow":["GET"]}}],"collection":[{"href":"https:\/\/magiccrew.de\/index.php?rest_route=\/wp\/v2\/pages"}],"about":[{"href":"https:\/\/magiccrew.de\/index.php?rest_route=\/wp\/v2\/types\/page"}],"author":[{"embeddable":true,"href":"https:\/\/magiccrew.de\/index.php?rest_route=\/wp\/v2\/users\/1"}],"replies":[{"embeddable":true,"href":"https:\/\/magiccrew.de\/index.php?rest_route=%2Fwp%2Fv2%2Fcomments&post=12"}],"version-history":[{"count":2,"href":"https:\/\/magiccrew.de\/index.php?rest_route=\/wp\/v2\/pages\/12\/revisions"}],"predecessor-version":[{"id":430,"href":"https:\/\/magiccrew.de\/index.php?rest_route=\/wp\/v2\/pages\/12\/revisions\/430"}],"wp:attachment":[{"href":"https:\/\/magiccrew.de\/index.php?rest_route=%2Fwp%2Fv2%2Fmedia&parent=12"}],"curies":[{"name":"wp","href":"https:\/\/api.w.org\/{rel}","templated":true}]}}