{"id":66,"date":"2013-03-11T01:12:27","date_gmt":"2013-03-10T23:12:27","guid":{"rendered":"http:\/\/www.sashman23.de\/magiccrew\/?page_id=66"},"modified":"2014-05-09T06:01:26","modified_gmt":"2014-05-09T05:01:26","slug":"equipment","status":"publish","type":"page","link":"https:\/\/magiccrew.de\/?page_id=66","title":{"rendered":"Equipment"},"content":{"rendered":"<h3><span style=\"color: #ff6600;\">Bestand &amp; Verleih:<\/span><\/h3>\n<ul>\n<li><a title=\"Nebelmaschinen\" href=\"http:\/\/magiccrew.de\/?page_id=284\">Nebelmaschinen<\/a><\/li>\n<li>Windmaschinen<\/li>\n<li>Regenanlagen<\/li>\n<\/ul>\n<p>&nbsp;<\/p>\n<ul>\n<li>Feuerschalen<\/li>\n<li>Feuers\u00e4ulen<\/li>\n<\/ul>\n<p>&nbsp;<\/p>\n<ul>\n<li>Airramps<\/li>\n<li>Ratchet Systeme<\/li>\n<li>Decender Fall System<\/li>\n<li>Harness Westen<\/li>\n<li>diverses Rigging Equipment<\/li>\n<\/ul>\n<p>&nbsp;<\/p>\n<ul>\n<li>universelle \u00dcberrollk\u00e4fige<\/li>\n<li>diverse Rampen f\u00fcr Auto- und Motorradstunts<\/li>\n<li>diverse Fahrzeug Trailer<\/li>\n<\/ul>\n<p>&nbsp;<\/p>\n<ul>\n<li>Luftkissen<\/li>\n<li>diverse Matten in verschiedenen Gr\u00f6\u00dfen<\/li>\n<li>Kartons<\/li>\n<\/ul>\n<p>Auf Anfrage und Wunsch hin, bauen wir Ihnen auch gerne Ihr eigenes Stunt- &amp; Pyroequipment.<\/p>\n","protected":false},"excerpt":{"rendered":"<p>Bestand &amp; Verleih: Nebelmaschinen Windmaschinen Regenanlagen &nbsp; Feuerschalen Feuers\u00e4ulen &nbsp; Airramps Ratchet Systeme Decender Fall System Harness Westen diverses Rigging Equipment &nbsp; universelle \u00dcberrollk\u00e4fige diverse Rampen f\u00fcr Auto- und Motorradstunts diverse Fahrzeug Trailer &nbsp; Luftkissen diverse Matten in verschiedenen Gr\u00f6\u00dfen Kartons Auf Anfrage und Wunsch hin, bauen wir Ihnen auch gerne Ihr eigenes Stunt- &amp; [&hellip;]<\/p>\n","protected":false},"author":1,"featured_media":0,"parent":0,"menu_order":6,"comment_status":"closed","ping_status":"closed","template":"","meta":{"ngg_post_thumbnail":0,"footnotes":""},"class_list":["post-66","page","type-page","status-publish","hentry"],"_links":{"self":[{"href":"https:\/\/magiccrew.de\/index.php?rest_route=\/wp\/v2\/pages\/66","targetHints":{"allow":["GET"]}}],"collection":[{"href":"https:\/\/magiccrew.de\/index.php?rest_route=\/wp\/v2\/pages"}],"about":[{"href":"https:\/\/magiccrew.de\/index.php?rest_route=\/wp\/v2\/types\/page"}],"author":[{"embeddable":true,"href":"https:\/\/magiccrew.de\/index.php?rest_route=\/wp\/v2\/users\/1"}],"replies":[{"embeddable":true,"href":"https:\/\/magiccrew.de\/index.php?rest_route=%2Fwp%2Fv2%2Fcomments&post=66"}],"version-history":[{"count":1,"href":"https:\/\/magiccrew.de\/index.php?rest_route=\/wp\/v2\/pages\/66\/revisions"}],"predecessor-version":[{"id":426,"href":"https:\/\/magiccrew.de\/index.php?rest_route=\/wp\/v2\/pages\/66\/revisions\/426"}],"wp:attachment":[{"href":"https:\/\/magiccrew.de\/index.php?rest_route=%2Fwp%2Fv2%2Fmedia&parent=66"}],"curies":[{"name":"wp","href":"https:\/\/api.w.org\/{rel}","templated":true}]}}